 of s?
8
Suppose b - 13 = -2*o + 25, -4*b - 100 = -4*o. What is the units digit of o?
1
Let d be 2 + -2 - (2 - -11). Let o = 22 + d. Let i = o + 0. What is the units digit of i?
9
Let w be (0 - 0) + (4 - 4). Suppose 3*u - 13 - 2 = w. Suppose -u*x + 30 = -2*x. What is the tens digit of x?
1
Let s(o) = -2 - o + 2*o**3 - o**2 - 1 - 3*o**3. Let p be s(0). Let d(g) = -g + 2. What is the units digit of d(p)?
5
Let x = 53 + -34. What is the tens digit of x?
1
Let p = 88 - 28. Suppose 3*c + 2*c = p. What is the units digit of c?
2
Suppose 3*m - m - 38 = 0. What is the units digit of m?
9
Let a(l) = l**3 - 2*l**2 + 2*l - 3. Let k be a(2). Suppose 0 = 5*j - 14 - k. Suppose 8*u - 51 = 3*u - j*n, -2*n + 4 = 0. What is the units digit of u?
9
Let z(c) = -5*c + 1. Suppose 3*s = 4*s - 2. Suppose -4*k = s + 2. What is the units digit of z(k)?
6
Let l = 6 - 4. Let d be 4/(-12) + 25/3. Let w = l + d. What is the units digit of w?
0
Let n(c) = 7 - 4*c**3 + 6*c**3 + 6*c - 12*c**2 - 3*c**3 + 4*c**2. What is the tens digit of n(-9)?
3
Suppose -327 - 408 = -5*p. What is the tens digit of p?
4
Let p(q) = -q**3 - 4*q**2 - 7*q - 11. What is the tens digit of p(-6)?
0
Let x = 26 + -7. What is the tens digit of x?
1
Suppose -2*f + 4 = 12, -832 = -4*a - 2*f. What is the units digit of a?
0
Suppose -5*n - 2*i + 135 = -7*i, 3*i = -6. Suppose 5*a + h = 3*a + n, 5*h + 43 = 4*a. What is the tens digit of a?
1
Suppose -4*f + 3*i + 0 = -7, 3*i - 13 = -f. Let y(s) = s**3 - 5*s**2 + 5*s - 2. Let t be y(f). What is the units digit of (11 - (6 - 3))/t?
4
Suppose -o = -3*o - 3*k + 369, 0 = -4*o + 5*k + 727. What is the tens digit of o?
8
Let r(p) = 3*p**2 - 1. Let t be r(2). Let i = t - 2. What is the units digit of i?
9
Let x be (-1)/(-1)*(-6 - -3). Let b(r) = -r**3 + 7*r**2 + 5*r + 16. Let z be b(8). What is the tens digit of z/(-1) - (1 + x)?
1
Let k(y) = 2*y**3 - 2*y**2 + y - 2. Let o be k(2). Let j(d) = 2*d - 1. What is the units digit of j(o)?
5
Let o be 4/(-24) - 597/(-18). Let a = 52 - o. What is the tens digit of a?
1
Let n(z) = 2*z**2 + z - 1. Let c be n(1). Let j(t) = -c*t + 0*t - t**2 - 11*t + 3. What is the tens digit of j(-12)?
1
Let n(v) = -v**3 + 3*v**2 + 2*v - 3. What is the units digit of n(-3)?
5
Suppose j - w = -3*j + 27, j + w - 3 = 0. Suppose s + 3 = j. Suppose -4 = -5*v - z + 2*z, -s*v = -5*z + 2. What is the units digit of v?
1
Suppose f + 4*f = 35. Suppose -f - 5 = -2*b. What is the units digit of b?
6
Let a = 3 + -5. What is the tens digit of a + 6/2 + 27?
2
Suppose 3 + 12 = 5*f + 2*c, -12 = -4*f + 3*c. Suppose 0 = -3*n - 4*t + 50, t = n + f*t - 20. What is the units digit of n?
0
Let c = -5 - -10. Suppose -1 = 3*p + 4*h, -2*h + c*h = 5*p - 37. Suppose 2*y + 2*d = 44, y + 0*y = -p*d + 34. What is the tens digit of y?
1
Let a(d) = d**2 + 6*d + 7. Let y be a(-5). Let q(l) = 21*l**2 - 3*l + 3. Let z be q(y). What is the units digit of 2/8 - z/(-12)?
7
Suppose -2*m = 4*k - 90 - 122, 539 = 5*m + k. What is the tens digit of m/12 + (0 - -1)?
1
Let t(o) = -o**2 - 11*o + 20. What is the units digit of t(-9)?
8
Let j be (-1 + -1)*25/10. Let a(d) = d**3 + 6*d**2 + 3*d + 4. What is the units digit of a(j)?
4
Suppose 3*q + 7 = -x + 31, 5*x = -4*q + 98. Let o = 30 - x. Suppose -3*n - 3*f + 6 = -0*n, -4*f = o. What is the units digit of n?
5
Suppose 10 = -3*g + 52. What is the units digit of g?
4
Suppose 7*l - 3*l - 280 = 2*w, -5*w = 3*l - 236. What is the tens digit of l?
7
Suppose 1 = 5*z - 4. Let d be 2/3 - 50/(-15). Suppose -4*j = c - 29, -d*j = -c - 4*c + z. What is the units digit of j?
6
Let a be 1/(-4) - 45/(-20). Suppose -3*x = -6 - 0. Suppose x*b = b + a. What is the units digit of b?
2
Let a(k) = k**2 - 3*k + 1. Suppose -3*o + 8*o - 20 = 0. What is the units digit of a(o)?
5
Let d = -4 - -1. Let s(j) = -j**2 - 3*j + 4. Let a be s(d). Suppose -a*l - 2*u + 3*u + 31 = 0, -5*l + 25 = -4*u. What is the units digit of l?
9
Suppose 4*v - 309 - 99 = 0. Let n = v + -63. What is the tens digit of n?
3
Let u = -126 - -238. What is the units digit of u?
2
Let a = 365 + -240. What is the units digit of a?
5
Let y(r) = r**2 - 2*r - 19. What is the tens digit of y(9)?
4
Let j(t) = t**3 - 9*t**2 + 3*t + 7. What is the hundreds digit of j(10)?
1
Suppose -20 = -5*k, o + 0 = 5*k - 1. Let l = 41 - o. What is the units digit of l?
2
What is the units digit of (-2)/(-5) + 2992/20?
0
Suppose 0 = -2*o + 5*t + 16, 0 = 3*o + 5*t + 1. Suppose o*h = h + 60. What is the units digit of h?
0
Let x(l) = l + 14. Let n be x(-9). Let b = -5 + 9. Let y = n - b. What is the units digit of y?
1
Suppose 33 = 5*d - 17. Suppose w + 2*w = -15. Let u = w + d. What is the units digit of u?
5
Let x = -24 + 40. Suppose r + 0 - x = 0. What is the units digit of r?
6
Let i be (-21)/(-28) + 109/4. Let n = 74 - i. What is the units digit of n?
6
Let k be (5 - (-3 - -4))*2. Let r = 34 + k. What is the tens digit of r?
4
Suppose 5*y + 237 = 3*g, -59 = -g - 6*y + y. What is the units digit of g?
4
Suppose -3 = i - 9. Let m = i - 2. What is the units digit of m?
4
Suppose 3*a - 18 - 9 = 0. Suppose a = 5*s - 4*s. What is the units digit of s?
9
Let c = 10 - 6. Suppose -r - c*b - 3 = 0, -64 = -3*r + b - 8. What is the units digit of r?
7
Let j = -9 - -13. Let v(b) be the second derivative of b**4/6 - 7*b**3/6 + 3*b**2 - 3*b. What is the tens digit of v(j)?
1
Let m be 1/4 - 3/12. Let n = 1 + m. What is the units digit of n?
1
Suppose 14*b + 156 = 18*b. What is the units digit of b?
9
Suppose -z + 3 = 6*k - k, 5*z = -k - 33. Let p = z - -9. What is the units digit of p?
2
Let k be (-3 - (-9)/3) + 0. Suppose k*g - 42 = -4*g + 2*c, 2*g + 2*c - 24 = 0. What is the tens digit of g?
1
Suppose 4*s - 4*f = -7 + 3, -3*s + 21 = 5*f. Suppose s*r = l, 4*r - 13 = 7. What is the units digit of l?
0
Suppose -h = -53 - 15. What is the tens digit of h?
6
Suppose 3*p - 4*t = -2, 5*p = -0*p + 4*t + 2. Suppose 5*m = -p*x + 11, -4*x - m - 2*m + 15 = 0. What is the units digit of x/((-3)/(-2)) - -1?
3
Suppose 2*b - 35 - 7 = 0. Let w be (-1)/5 - (-36)/(-45). What is the units digit of ((-2)/6)/(w/b)?
7
Let g(x) = -5*x. Let j be g(-1). Let b(m) = 3*m**3 - 3*m**2 + 3 + 6*m - 3*m**2 - 2*m**3. What is the units digit of b(j)?
8
Suppose 0 = -h + 2*z + 14, 2*h + 4*z = -1 + 5. Let c = h + 5. What is the units digit of c?
3
Suppose -5*x = -4*x. Suppose x = -2*z - 2*r + 4*r + 26, 5*z = -3*r + 57. What is the tens digit of z?
1
Let n = -2 + 2. Suppose 0 = -2*c - n*c + 16. What is the units digit of c?
8
Let r be 2*(-1 - (-14)/4). Suppose -6*u + 28 = -14. Let f = r + u. What is the tens digit of f?
1
Let b(r) = -r**2 + 5*r + 2. Let n be b(5). Suppose 0 = 3*y + n*y - 20. Suppose -y*k + 8 = -3*k. What is the units digit of k?
8
What is the tens digit of (((-3568)/20)/(-2))/(6/15)?
2
Let n(s) = -s**2 - 5*s. Let t be n(-6). What is the units digit of -6*(3/t + -1)?
9
Let u(q) = -q**2 - q. Let o be u(0). Let l(s) = -s + s**3 - 4*s + 7*s**2 + o*s**3 - 7 - 2*s**3. What is the units digit of l(5)?
8
Let i(r) = -14*r - 6. Let s be i(-4). What is the units digit of (0 + -1)*s/(-5)?
0
Let z(p) = -p. Let q(o) be the second derivative of 2*o**3/3 + 9*o**2/2 + 3*o. Let d(x) = -q(x) - 6*z(x). What is the units digit of d(7)?
5
Let v = -1 - -1. Suppose -w + 2 = 0, v*i - 2*i - w = -18. Let y = i + -5. What is the units digit of y?
3
Let y = 5 - -2. Let k(o) = o**3 - 7*o**2 + 6. What is the units digit of k(y)?
6
What is the units digit of ((-210)/25)/((-4)/30)?
3
Let a(q) = -q**3 + 9*q**2 - 7*q - 6. Let w be a(8). Let x be w + -4 - 1*-5. Suppose -x*r + 17 + 4 = 0. What is the units digit of r?
7
Let x(p) = -p - 22. Let z = 4 - 4. Let j be x(z). What is the tens digit of ((-6)/(-12))/((-1)/j)?
1
Let b(x) = -x**3 - x**2 - x - 28. Let f(g) = g**2 - 1. Let r(y) = -b(y) - 2*f(y). What is the units digit of r(0)?
0
Suppose 0 = 3*q - 2*x, 4*q + 3*x + 3 + 14 = 0. Let h = -6 - -1. Let j = q - h. What is the units digit of j?
3
Suppose -8*t = -433 - 2191. What is the tens digit of t?
2
Let h(n) = 3*n**3 - 2*n**2 - 2*n + 3. What is the tens digit of h(4)?
5
Let i = -3 - -3. Let m(g) = i + 0*g - 8*g - 1. What is the units digit of m(-1)?
7
Let n(f) = -6*f - 5. What is the tens digit of n(-4)?
1
Let b be (1 - -2) + 13 + -9. Let l = 3 + b. What is the tens digit of l?
1
Suppo